e 11?
-1584
What is 1349 (base 13) in base 5?
42030
Convert -2042024 (base 5) to base 11.
-23612
-2452 (base 8) to base 16
-52a
-10011100000 (base 2) to base 10
-1248
Convert 4776 (base 14) to base 5.
344302
Convert -289 (base 12) to base 11.
-328
Convert 506 (base 7) to base 13.
164
What is -13251 (base 6) in base 12?
-1227
-12411 (base 6) to base 11
-1459
-1403 (base 8) to base 15
-366
57302 (base 8) to base 6
304150
Convert -221200021 (base 3) to base 13.
-869b
-120121201 (base 3) to base 4
-2301322
Convert 8b5 (base 15) to base 14.
a0a
13311 (base 4) to base 12
359
Convert -23412 (base 5) to base 9.
-2334
Convert 7b64 (base 12) to base 14.
5028
55425 (base 6) to base 12
4575
What is 46952 (base 11) in base 9?
112767
1781 (base 9) to base 7
3664
What is 38965 (base 10) in base 7?
221413
Convert 122400 (base 5) to base 10.
4725
Convert -59918 (base 10) to base 15.
-12b48
-24132 (base 5) to base 11
-138a
7523 (base 8) to base 15
1268
What is -c508 (base 15) in base 10?
-41633
-5144 (base 10) to base 5
-131034
Convert -6222 (base 7) to base 15.
-99c
What is 1294 (base 14) in base 2?
110011000010
1203210 (base 4) to base 6
45300
-2101001 (base 3) to base 2
-11011000001
-3353 (base 10) to base 9
-4535
What is -46331 (base 8) in base 15?
-5c68
What is -30520 (base 11) in base 5?
-2411200
-1777 (base 8) to base 14
-531
Convert 36332 (base 7) to base 14.
3619
543 (base 9) to base 6
2020
Convert 1002212220 (base 3) to base 13.
9bbb
What is -20221 (base 5) in base 7?
-3552
What is 2000221 (base 3) in base 7?
4216
5820 (base 14) to base 12
8a44
-24420 (base 5) to base 15
-840
Convert 3696 (base 12) to base 8.
14022
-a585 (base 15) to base 6
-430012
Convert 2573 (base 16) to base 7.
36644
What is -1422 (base 5) in base 10?
-237
Convert -100311 (base 5) to base 16.
-c86
What is 1012103 (base 4) in base 10?
4499
What is 1341 (base 10) in base 6?
10113
111456 (base 7) to base 3
1000010220
What is 15f1 (base 16) in base 7?
22243
-124102 (base 5) to base 4
-1030212
What is 5655 (base 7) in base 13?
c18
Convert -3512 (base 6) to base 10.
-836
Convert -883 (base 13) to base 4.
-112303
Convert -46b (base 14) to base 4.
-31233
Convert -102 (base 7) to base 16.
-33
What is -43712 (base 11) in base 4?
-33132321
What is -23003 (base 5) in base 4?
-121130
Convert -440 (base 12) to base 7.
-1551
Convert 211021 (base 3) to base 2.
1001011001
b67 (base 15) to base 2
101000001100
What is -846 (base 13) in base 7?
-4053
What is 102041 (base 5) in base 15?
1016
24303 (base 5) to base 15
81d
What is -31336 (base 7) in base 10?
-7720
-3130 (base 6) to base 10
-702
What is 51 (base 8) in base 12?
35
Convert -1886c (base 14) to base 3.
-10011002111
Convert -101100000010 (base 2) to base 15.
-c7d
34b7 (base 13) to base 2
1110011111001
Convert 156 (base 14) to base 6.
1132
What is -75070 (base 8) in base 16?
-7a38
-3204 (base 5) to base 11
-360
3608 (base 14) to base 2
10010011001000
What is -14510 (base 6) in base 7?
-6561
Convert 319 (base 10) to base 12.
227
a394 (base 14) to base 3
1102121220
Convert 322231 (base 4) to base 10.
3757
What is -661 (base 10) in base 3?
-220111
-852 (base 10) to base 11
-705
What is -57c (base 14) in base 9?
-1441
Convert -1425 (base 8) to base 15.
-379
Convert -10000001 (base 2) to base 14.
-93
-10307 (base 8) to base 9
-5802
What is -6575 (base 12) in base 15?
-34a2
What is 226 (base 13) in base 3?
111201
Convert 3004 (base 8) to base 16.
604
Convert 117 (base 15) to base 13.
160
Convert 1010110001111100 (base 2) to base 8.
126174
-15456 (base 8) to base 3
-100112201
Convert -258 (base 10) to base 2.
-100000010
Convert 401 (base 16) to base 5.
13100
Convert -1000112 (base 3) to base 2.
-1011100111
Convert -4262 (base 9) to base 15.
-dde
10442 (base 13) to base 12
14b4b
Convert 13320312 (base 4) to base 12.
16846
-21121 (base 4) to base 12
-421
Convert 3892 (base 10) to base 16.
f34
What is -1152 (base 8) in base 5?
-4433
9a4d (base 14) to base 11
19096
Convert 82 (base 14) to base 12.
96
-e008 (base 15) to base 11
-32562
What is f027 (base 16) in base 10?
61479
What is 689 (base 10) in base 8?
1261
-4a6 (base 13) to base 10
-812
What is 151 (base 14) in base 5?
2032
What is -a31 (base 11) in base 14?
-64c
-2a4 (base 11) to base 4
-11210
Convert 12031100 (base 4) to base 12.
12868
333405 (base 7) to base 15
12689
Convert 252 (base 6) to base 10.
104
What is 311 (base 14) in base 4?
21123
Convert -243442 (base 5) to base 9.
-13614
-111010100100111 (base 2) to base 13
-10860
Convert -26017 (base 8) to base 16.
-2c0f
-20102 (base 3) to base 9
-212
Convert 1000011000 (base 2) to base 8.
1030
What is -16393 (base 10) in base 12?
-95a1
What is -15561 (base 13) in base 5?
-2243340
Convert 32040 (base 9) to base 12.
10309
8b6 (base 14) to base 10
1728
-66a3 (base 11) to base 6
-104505
What is -990 (base 12) in base 6?
-10300
What is -44534 (base 7) in base 4?
-2233232
Convert 100000100000011 (base 2) to base 16.
4103
357 (base 16) to base 6
3543
What is -31323 (base 4) in base 8?
-1573
-943 (base 10) to base 2
-1110101111
806 (base 10) to base 14
418
-5c62 (base 13) to base 8
-31445
-746a (base 11) to base 12
-5871
Convert 46263 (base 10) to base 15.
da93
Convert 228b (base 13) to base 6.
34235
What is -2059 (base 11) in base 13?
-1319
Convert -1332 (base 4) to base 7.
-240
-1a57 (base 12) to base 10
-3235
What is 866 (base 13) in base 10?
1436
What is -4c (base 14) in base 13?
-53
Convert 1853 (base 11) to base 6.
14525
Convert -2301 (base 5) to base 15.
-16b
Convert 184 (base 13) to base 7.
544
Convert -1333 (base 16) to base 4.
-1030303
Convert -616 (base 9) to base 8.
-765
Convert -1132 (base 12) to base 7.
-5366
Convert -989 (base 10) to base 8.
-1735
372 (base 13) to base 11
4a6
Convert -14301 (base 5) to base 12.
-841
What is 2365 (base 7) in base 10?
880
What is -1102212011 (base 3) in base 2?
-110111010100111
What is 43c (base 16) in base 14?
576
Convert -130203 (base 4) to base 8.
-3443
Convert 2313 (base 4) to base 5.
1213
What is 7428 (base 9) in base 12?
31a5
What is -20222201 (base 3) in base 6?
-35331
Convert 15450 (base 6) to base 3.
10111110
What is -17234 (base 11) in base 7?
-130443
What is 210010200 (base 3) in base 9?
23120
Convert 11000000010000 (base 2) to base 13.
57a6
What is -507 (base 11) in base 3?
-211200
Convert 1423 (base 11) to base 9.
2464
What is 45b5 (base 16) in base 12?
a3b1
Convert -203244 (base 5) to base 15.
-1eb9
Convert 1705 (base 11) to base 13.
cbc
Convert 1623 (base 8) to base 9.
1226
Convert -143322 (base 7) to base 5.
-1340403
-123033 (base 7) to base 4
-11202012
43310 (base 5) to base 9
4043
What is 202202 (base 3) in base 10?
560
3131423 (base 5) to base 2
1100101110010001
-1000110111001 (base 2) to base 14
-1921
What is 2572 (base 8) in base 13?
83b
Convert -2600 (base 9) to base 4.
-132120
What is 2322300 (base 4) in base 7?
46563
Convert 9814 (base 13) to base 12.
1029a
What is -16567 (base 9) in base 6?
-124441
Convert -25654 (base 8) to base 5.
-324210
Convert 3040 (base 11) to base 7.
14525
-343430 (base 5) to base 4
-3001031
Convert -25a8 (base 15) to base 7.
-32264
What is -140125 (base 6) in base 9?
-18758
What is 428 (base 9) in base 13?
20c
Convert 32235 (base 10) to base 4.
13313223
What is -100101001010 (base 2) in base 14?
-c1c
-10011010100 (base 2) to base 3
-1200210
What is 1133 (base 9) in base 5?
11330
-56296 (base 11) to base 16
-13e82
4224 (base 5) to base 7
1434
What is -224 (base 13) in base 8?
-560
355 (base 6) to base 14
a3
What is 51315 (base 9) in base 16?
83ff
Convert -4131 (base 6) to base 8.
-1627
Convert 12812 (base 9) to base 7.
34205
Convert -1432 (base 8) to base 12.
-562
What is 20 (base 16) in base 4?
200
1b1b (base 16) to base 15
20c9
What is -11922 (base 13) in base 12?
-16843
Convert 10332221 (base 4) to base 14.
7609
What is -39b9 (base 16) in base 2?
-11100110111001
266161 (base 7) to base 12
2504a
Convert -24441 (base 5) to base 14.
-979
-1aa01 (base 11) to base 2
-111000111101010
What is 6836 (base 11) in base 13?
412a
Convert 252 (base 13) to base 15.
1c0
What is -81 (base 9) in base 8?
-111
Convert 1973 (base 13) to base 16.
ee4
What is 10023 (base 4) in base 15?
12c
-776 (base 10) to base 4
-30020
What is 20110 (base 3) in base 10?
174
What is 2226 (bas